{"id":2094,"date":"2017-04-21T20:40:34","date_gmt":"2017-04-21T22:40:34","guid":{"rendered":"http:\/\/avgd.com.br\/AVGD\/?page_id=2094"},"modified":"2017-07-24T20:36:50","modified_gmt":"2017-07-24T22:36:50","slug":"performance","status":"publish","type":"page","link":"https:\/\/avgd.com.br\/AVGD\/performance\/","title":{"rendered":"AvantGarde Performance"},"content":{"rendered":"<p>[et_pb_section admin_label=&#8221;section&#8221; background_image=&#8221;http:\/\/avgd.com.br\/AVGD\/wp-content\/uploads\/2017\/04\/consult.jpg&#8221; transparent_background=&#8221;off&#8221; allow_player_pause=&#8221;off&#8221; inner_shadow=&#8221;off&#8221; parallax=&#8221;off&#8221; parallax_method=&#8221;on&#8221; padding_mobile=&#8221;off&#8221; make_fullwidth=&#8221;off&#8221; use_custom_width=&#8221;off&#8221; width_unit=&#8221;on&#8221; make_equal=&#8221;off&#8221; use_custom_gutter=&#8221;off&#8221; background_color=&#8221;rgba(0,0,0,0.89)&#8221;][et_pb_row admin_label=&#8221;Row&#8221;][et_pb_column type=&#8221;4_4&#8243;][et_pb_text admin_label=&#8221;Consultoria Especializada&#8221; background_layout=&#8221;dark&#8221; text_orientation=&#8221;center&#8221; use_border_color=&#8221;off&#8221; border_color=&#8221;#ffffff&#8221; border_style=&#8221;solid&#8221; header_font=&#8221;|on||on|&#8221; header_font_size=&#8221;60px&#8221; header_letter_spacing=&#8221;2px&#8221;]<\/p>\n<h1>Especialistas em Performance<\/h1>\n<p>[\/et_pb_text][\/et_pb_column][\/et_pb_row][et_pb_row admin_label=&#8221;Row&#8221;][et_pb_column type=&#8221;1_3&#8243;][et_pb_blurb admin_label=&#8221;Blurb&#8221; title=&#8221;Reprograma\u00e7\u00e3o de M\u00f3dulos&#8221; url_new_window=&#8221;off&#8221; use_icon=&#8221;on&#8221; font_icon=&#8221;%%146%%&#8221; icon_color=&#8221;#ffffff&#8221; use_circle=&#8221;off&#8221; circle_color=&#8221;#ff6600&#8243; use_circle_border=&#8221;off&#8221; circle_border_color=&#8221;#ff6600&#8243; icon_placement=&#8221;top&#8221; animation=&#8221;top&#8221; background_layout=&#8221;dark&#8221; text_orientation=&#8221;center&#8221; use_icon_font_size=&#8221;off&#8221; header_font=&#8221;|on||on|&#8221; header_letter_spacing=&#8221;1px&#8221; use_border_color=&#8221;off&#8221; border_color=&#8221;#ffffff&#8221; border_style=&#8221;solid&#8221; url=&#8221; http:\/\/avgd.com.br\/AVGD\/reprogramacao\/&#8221; header_font_size=&#8221;20&#8243;] [\/et_pb_blurb][et_pb_text admin_label=&#8221;Text&#8221; background_layout=&#8221;dark&#8221; text_orientation=&#8221;justified&#8221; use_border_color=&#8221;off&#8221; border_color=&#8221;#ffffff&#8221; border_style=&#8221;solid&#8221;]<\/p>\n<p>Tamb\u00e9m conhecido como chip de pot\u00eancia, reprograma\u00e7\u00e3o de ECU ou remapeamento de inje\u00e7\u00e3o, desenvolvemos solu\u00e7\u00f5es de aumento de pot\u00eancia e calibra\u00e7\u00e3o de inje\u00e7\u00e3o eletr\u00f4nica para m\u00f3dulos originais ou m\u00f3dulos program\u00e1veis.<\/p>\n<p>[\/et_pb_text][et_pb_button admin_label=&#8221;Button&#8221; button_url=&#8221; http:\/\/www.avgd.com.br\/AVGD\/performance\/reprogramacao\/&#8221; url_new_window=&#8221;off&#8221; button_text=&#8221;Saiba mais&#8221; button_alignment=&#8221;center&#8221; background_layout=&#8221;dark&#8221; custom_button=&#8221;off&#8221; button_letter_spacing=&#8221;0&#8243; button_use_icon=&#8221;default&#8221; button_icon_placement=&#8221;right&#8221; button_on_hover=&#8221;on&#8221; button_letter_spacing_hover=&#8221;0&#8243;] [\/et_pb_button][\/et_pb_column][et_pb_column type=&#8221;1_3&#8243;][et_pb_blurb admin_label=&#8221;Blurb&#8221; title=&#8221;Pe\u00e7as e Upgrades&#8221; url_new_window=&#8221;off&#8221; use_icon=&#8221;on&#8221; font_icon=&#8221;%%173%%&#8221; icon_color=&#8221;#ffffff&#8221; use_circle=&#8221;off&#8221; circle_color=&#8221;#ff6600&#8243; use_circle_border=&#8221;off&#8221; circle_border_color=&#8221;#ff6600&#8243; icon_placement=&#8221;top&#8221; animation=&#8221;top&#8221; background_layout=&#8221;dark&#8221; text_orientation=&#8221;center&#8221; use_icon_font_size=&#8221;off&#8221; header_font=&#8221;|on||on|&#8221; header_letter_spacing=&#8221;1px&#8221; use_border_color=&#8221;off&#8221; border_color=&#8221;#ffffff&#8221; border_style=&#8221;solid&#8221; header_font_size=&#8221;20&#8243;] [\/et_pb_blurb][et_pb_text admin_label=&#8221;Text&#8221; background_layout=&#8221;dark&#8221; text_orientation=&#8221;justified&#8221; use_border_color=&#8221;off&#8221; border_color=&#8221;#ffffff&#8221; border_style=&#8221;solid&#8221;]<\/p>\n<p>Desenvolvemos, oferecemos e instalamos solu\u00e7\u00f5es completas de melhorias para todos os sistemas do ve\u00edculo, incluindo turbos, superchargers, freios, suspens\u00f5es, intercoolers, escapamentos e muito outros.<\/p>\n<p>[\/et_pb_text][\/et_pb_column][et_pb_column type=&#8221;1_3&#8243;][et_pb_blurb admin_label=&#8221;Blurb&#8221; title=&#8221;Projetos Especiais&#8221; url_new_window=&#8221;off&#8221; use_icon=&#8221;on&#8221; font_icon=&#8221;%%169%%&#8221; icon_color=&#8221;#ffffff&#8221; use_circle=&#8221;off&#8221; circle_color=&#8221;#ff6600&#8243; use_circle_border=&#8221;off&#8221; circle_border_color=&#8221;#ff6600&#8243; icon_placement=&#8221;top&#8221; animation=&#8221;top&#8221; background_layout=&#8221;dark&#8221; text_orientation=&#8221;center&#8221; use_icon_font_size=&#8221;off&#8221; header_font=&#8221;|on||on|&#8221; header_letter_spacing=&#8221;1px&#8221; use_border_color=&#8221;off&#8221; border_color=&#8221;#ffffff&#8221; border_style=&#8221;solid&#8221;] [\/et_pb_blurb][et_pb_text admin_label=&#8221;Text&#8221; background_layout=&#8221;dark&#8221; text_orientation=&#8221;justified&#8221; use_border_color=&#8221;off&#8221; border_color=&#8221;#ffffff&#8221; border_style=&#8221;solid&#8221;]<\/p>\n<p>Know-how e expertise para o desenvolvimento de projetos totalmente exclusivos e especiais, incluindo a instala\u00e7\u00e3o e calibra\u00e7\u00e3o de sistemas de inje\u00e7\u00e3o de Nitro (NO2), inje\u00e7\u00f5es de \u00c1gua-Metanol, Convers\u00f5es para \u00c1lcool, entre outros.<\/p>\n<p>[\/et_pb_text][\/et_pb_column][\/et_pb_row][\/et_pb_section][et_pb_section admin_label=&#8221;Section&#8221; fullwidth=&#8221;on&#8221; specialty=&#8221;off&#8221; transparent_background=&#8221;off&#8221; allow_player_pause=&#8221;off&#8221; inner_shadow=&#8221;off&#8221; parallax=&#8221;off&#8221; parallax_method=&#8221;off&#8221; padding_mobile=&#8221;off&#8221; make_fullwidth=&#8221;off&#8221; use_custom_width=&#8221;off&#8221; width_unit=&#8221;on&#8221; make_equal=&#8221;off&#8221; use_custom_gutter=&#8221;off&#8221;][et_pb_fullwidth_slider admin_label=&#8221;Featured&#8221; global_module=&#8221;3064&#8243; saved_tabs=&#8221;all&#8221; show_arrows=&#8221;on&#8221; show_pagination=&#8221;off&#8221; auto=&#8221;on&#8221; auto_speed=&#8221;8000&#8243; auto_ignore_hover=&#8221;off&#8221; parallax=&#8221;on&#8221; parallax_method=&#8221;on&#8221; remove_inner_shadow=&#8221;off&#8221; background_position=&#8221;default&#8221; background_size=&#8221;default&#8221; hide_content_on_mobile=&#8221;off&#8221; hide_cta_on_mobile=&#8221;off&#8221; show_image_video_mobile=&#8221;off&#8221; header_font=&#8221;|on||on|&#8221; header_letter_spacing=&#8221;2px&#8221; custom_button=&#8221;off&#8221; button_letter_spacing=&#8221;0&#8243; button_use_icon=&#8221;default&#8221; button_icon_placement=&#8221;right&#8221; button_on_hover=&#8221;on&#8221; button_letter_spacing_hover=&#8221;0&#8243;] [et_pb_slide heading=&#8221;CLS 63 AMG Est\u00e1gio 2+&#8221; button_text=&#8221;Saiba mais&#8221; button_link=&#8221;http:\/\/avgd.com.br\/AVGD\/project\/mercedes-amg-cls-63-estagio-2\/&#8221; background_image=&#8221;http:\/\/avgd.com.br\/AVGD\/wp-content\/uploads\/2017\/07\/cls63stg2bg.jpg&#8221; background_position=&#8221;default&#8221; background_size=&#8221;default&#8221; background_color=&#8221;#ffffff&#8221; image=&#8221;http:\/\/avgd.com.br\/AVGD\/wp-content\/uploads\/2017\/07\/CLS63AMGMSDino.jpg&#8221; use_bg_overlay=&#8221;off&#8221; use_text_overlay=&#8221;off&#8221; alignment=&#8221;center&#8221; background_layout=&#8221;dark&#8221; allow_player_pause=&#8221;off&#8221; text_border_radius=&#8221;3&#8243; header_font_select=&#8221;default&#8221; header_font=&#8221;|on||on|&#8221; body_font_select=&#8221;default&#8221; body_font=&#8221;||||&#8221; custom_button=&#8221;off&#8221; button_font_select=&#8221;default&#8221; button_font=&#8221;||||&#8221; button_use_icon=&#8221;default&#8221; button_icon_placement=&#8221;right&#8221; button_on_hover=&#8221;on&#8221;]<\/p>\n<p>Com <strong>572 HP<\/strong> cavalos de pot\u00eancia, e brutais <strong>1064 Nm<\/strong> de torque na roda, esta CLS 63 AMG 4Matic faz jus ao verdadeiro potencial do motor M157 de 5.5 litros AMG com turbina original. Todo o expertise e know-how desta oficina foi posto \u00e0 prova, e o resultado foi um dos projetos mais brutos que j\u00e1 realizamos.<\/p>\n<p>[\/et_pb_slide][et_pb_slide heading=&#8221;Mini Cooper S Est\u00e1gio 2+&#8221; button_text=&#8221;Saiba mais&#8221; button_link=&#8221;http:\/\/avgd.com.br\/AVGD\/project\/mini-cooper-s-f56-estagio-2\/&#8221; background_image=&#8221;http:\/\/avgd.com.br\/AVGD\/wp-content\/uploads\/2017\/06\/MiniF56Featured.jpg&#8221; background_position=&#8221;default&#8221; background_size=&#8221;default&#8221; background_color=&#8221;#ffffff&#8221; image=&#8221;http:\/\/avgd.com.br\/AVGD\/wp-content\/uploads\/2017\/06\/MINICOOPERRS6STAGE24.jpg&#8221; use_bg_overlay=&#8221;off&#8221; use_text_overlay=&#8221;off&#8221; alignment=&#8221;center&#8221; background_layout=&#8221;dark&#8221; allow_player_pause=&#8221;off&#8221; text_border_radius=&#8221;3&#8243; header_font_select=&#8221;default&#8221; header_font=&#8221;|on||on|&#8221; body_font_select=&#8221;default&#8221; body_font=&#8221;||||&#8221; custom_button=&#8221;off&#8221; button_font_select=&#8221;default&#8221; button_font=&#8221;||||&#8221; button_use_icon=&#8221;default&#8221; button_icon_placement=&#8221;right&#8221; button_on_hover=&#8221;on&#8221;]<\/p>\n<p>Um projeto mais que especial, que mereceu o destaque do m\u00eas de junho. Trata-se de um dos maiores deltas j\u00e1 alcan\u00e7ados em uma reprograma\u00e7\u00e3o de Est\u00e1gio 2+, seja em rela\u00e7\u00e3o a peso X pot\u00eancia ou cilindradas X pot\u00eancia, e ainda sim conta com uma calibra\u00e7\u00e3o feita para longa vida do motor e da turbina.<\/p>\n<p>[\/et_pb_slide][et_pb_slide heading=&#8221;Porsche GT3RS Est\u00e1gio 2&#8243; button_text=&#8221;Mais detalhes&#8221; background_image=&#8221;http:\/\/avgd.com.br\/AVGD\/wp-content\/uploads\/2017\/04\/Featured.jpg&#8221; background_position=&#8221;default&#8221; background_size=&#8221;default&#8221; background_color=&#8221;#ffffff&#8221; image=&#8221;http:\/\/avgd.com.br\/AVGD\/wp-content\/uploads\/2017\/04\/PORSCHEGT3RSDINO.jpg&#8221; use_bg_overlay=&#8221;off&#8221; use_text_overlay=&#8221;off&#8221; alignment=&#8221;center&#8221; background_layout=&#8221;dark&#8221; allow_player_pause=&#8221;off&#8221; text_border_radius=&#8221;3&#8243; header_font_select=&#8221;default&#8221; header_font=&#8221;|on||on|&#8221; body_font_select=&#8221;default&#8221; body_font=&#8221;||||&#8221; custom_button=&#8221;off&#8221; button_font_select=&#8221;default&#8221; button_font=&#8221;||||&#8221; button_use_icon=&#8221;default&#8221; button_icon_placement=&#8221;right&#8221; button_on_hover=&#8221;on&#8221; button_link=&#8221;http:\/\/avgd.com.br\/AVGD\/project\/porsche-997-2-gt3-rs-avgd-performance-estagio-2\/&#8221;]<\/p>\n<p>Destaque de Maio, confira os ganhos de pot\u00eancia e acerto de uma Porsche GT3 RS, projeto que desafia todos os conceitos de ganhos para carro aspirado, com a calibra\u00e7\u00e3o e tropicaliza\u00e7\u00e3o de mapas AvantGarde Performance Est\u00e1gio 2.<\/p>\n<p>[\/et_pb_slide] [\/et_pb_fullwidth_slider][\/et_pb_section][et_pb_section admin_label=&#8221;Section&#8221; fullwidth=&#8221;off&#8221; specialty=&#8221;off&#8221;][et_pb_row admin_label=&#8221;Row&#8221;][et_pb_column type=&#8221;4_4&#8243;][et_pb_text admin_label=&#8221;Consultoria Especializada&#8221; background_layout=&#8221;light&#8221; text_orientation=&#8221;center&#8221; use_border_color=&#8221;off&#8221; border_color=&#8221;#ffffff&#8221; border_style=&#8221;solid&#8221; header_font=&#8221;|on||on|&#8221; header_font_size=&#8221;60px&#8221; header_letter_spacing=&#8221;2px&#8221;]<\/p>\n<h1>Portifolio<\/h1>\n<p>[\/et_pb_text][\/et_pb_column][\/et_pb_row][\/et_pb_section][et_pb_section admin_label=&#8221;Section&#8221; fullwidth=&#8221;on&#8221; specialty=&#8221;off&#8221;][et_pb_fullwidth_portfolio admin_label=&#8221;Fullwidth Portfolio&#8221; fullwidth=&#8221;off&#8221; include_categories=&#8221;129&#8243; show_title=&#8221;on&#8221; show_date=&#8221;off&#8221; background_layout=&#8221;light&#8221; auto=&#8221;off&#8221; hover_overlay_color=&#8221;rgba(255,255,255,0.9)&#8221; use_border_color=&#8221;off&#8221; border_color=&#8221;#ffffff&#8221; border_style=&#8221;solid&#8221;] [\/et_pb_fullwidth_portfolio][\/et_pb_section]<\/p>\n","protected":false},"excerpt":{"rendered":"<p>[et_pb_section admin_label=&#8221;section&#8221; background_image=&#8221;http:\/\/avgd.com.br\/AVGD\/wp-content\/uploads\/2017\/04\/consult.jpg&#8221; transparent_background=&#8221;off&#8221; allow_player_pause=&#8221;off&#8221; inner_shadow=&#8221;off&#8221; parallax=&#8221;off&#8221; parallax_method=&#8221;on&#8221; padding_mobile=&#8221;off&#8221; make_fullwidth=&#8221;off&#8221; use_custom_width=&#8221;off&#8221; width_unit=&#8221;on&#8221; make_equal=&#8221;off&#8221; use_custom_gutter=&#8221;off&#8221; background_color=&#8221;rgba(0,0,0,0.89)&#8221;][et_pb_row admin_label=&#8221;Row&#8221;][et_pb_column type=&#8221;4_4&#8243;][et_pb_text admin_label=&#8221;Consultoria Especializada&#8221; background_layout=&#8221;dark&#8221; text_orientation=&#8221;center&#8221; use_border_color=&#8221;off&#8221; border_color=&#8221;#ffffff&#8221; border_style=&#8221;solid&#8221; header_font=&#8221;|on||on|&#8221; header_font_size=&#8221;60px&#8221; header_letter_spacing=&#8221;2px&#8221;] Especialistas em Performance [\/et_pb_text][\/et_pb_column][\/et_pb_row][et_pb_row admin_label=&#8221;Row&#8221;][et_pb_column type=&#8221;1_3&#8243;][et_pb_blurb admin_label=&#8221;Blurb&#8221; title=&#8221;Reprograma\u00e7\u00e3o de M\u00f3dulos&#8221; url_new_window=&#8221;off&#8221; use_icon=&#8221;on&#8221; font_icon=&#8221;%%146%%&#8221; icon_color=&#8221;#ffffff&#8221; use_circle=&#8221;off&#8221; circle_color=&#8221;#ff6600&#8243; use_circle_border=&#8221;off&#8221; circle_border_color=&#8221;#ff6600&#8243; icon_placement=&#8221;top&#8221; animation=&#8221;top&#8221; background_layout=&#8221;dark&#8221; text_orientation=&#8221;center&#8221; use_icon_font_size=&#8221;off&#8221; header_font=&#8221;|on||on|&#8221; header_letter_spacing=&#8221;1px&#8221; use_border_color=&#8221;off&#8221; border_color=&#8221;#ffffff&#8221; border_style=&#8221;solid&#8221; [&hellip;]<\/p>\n","protected":false},"author":1,"featured_media":0,"parent":0,"menu_order":0,"comment_status":"closed","ping_status":"closed","template":"","meta":{"_et_pb_use_builder":"on","_et_pb_old_content":"","_et_gb_content_width":"","footnotes":""},"class_list":["post-2094","page","type-page","status-publish","hentry"],"_links":{"self":[{"href":"https:\/\/avgd.com.br\/AVGD\/wp-json\/wp\/v2\/pages\/2094","targetHints":{"allow":["GET"]}}],"collection":[{"href":"https:\/\/avgd.com.br\/AVGD\/wp-json\/wp\/v2\/pages"}],"about":[{"href":"https:\/\/avgd.com.br\/AVGD\/wp-json\/wp\/v2\/types\/page"}],"author":[{"embeddable":true,"href":"https:\/\/avgd.com.br\/AVGD\/wp-json\/wp\/v2\/users\/1"}],"replies":[{"embeddable":true,"href":"https:\/\/avgd.com.br\/AVGD\/wp-json\/wp\/v2\/comments?post=2094"}],"version-history":[{"count":1,"href":"https:\/\/avgd.com.br\/AVGD\/wp-json\/wp\/v2\/pages\/2094\/revisions"}],"predecessor-version":[{"id":3144,"href":"https:\/\/avgd.com.br\/AVGD\/wp-json\/wp\/v2\/pages\/2094\/revisions\/3144"}],"wp:attachment":[{"href":"https:\/\/avgd.com.br\/AVGD\/wp-json\/wp\/v2\/media?parent=2094"}],"curies":[{"name":"wp","href":"https:\/\/api.w.org\/{rel}","templated":true}]}}